is the units digit of t?
0
Suppose -3*k + 2 = 23. Let c(t) = 4 + 1 + 0 + 1 + 17*t + 5*t**2. What is the hundreds digit of c(k)?
1
Let w(y) = -y**3 + 7*y**2 + y + 7. Let i(b) = -b**2 + 13*b + 11. Let a be i(11). Suppose 3*m = -0*m - 5*c + a, 0 = -2*c + 6. What is the tens digit of w(m)?
4
Let a(o) = -o**3 + 7*o**2 - 2*o - 19. Let k = -91 - -97. Let p be a(k). Suppose 3*w - p*h - 337 = -3*h, -8 = -2*h. What is the tens digit of w?
1
What is the thousands digit of (2453/(-22)*(-24)/15)/(1/20)?
3
Suppose -3*i + 2*a = -17, 0 = -5*i + 3*a + 29. Suppose h - 4144 = -i*h. What is the tens digit of h?
1
Let h(u) = -12*u - 4. Let j be h(-1). Suppose -3*z - j = z - 4*o, 0 = z + o + 10. Let q(x) = -x**3 - 4*x**2 + 6*x + 4. What is the units digit of q(z)?
0
Let o be 77 - (-6)/(-4)*2. Let b(d) = -d**3 + 36*d - 6 - 2*d**2 - o*d + 33*d. What is the units digit of b(-2)?
4
Suppose 136 = -5*a + 4*a. Suppose 107*u = 100*u + 2030. Let q = u + a. What is the units digit of q?
4
Let i be ((-1981)/(-28))/(-1 + (-5)/(-4)). Let s(j) = -10*j + 39. Let v be s(13). Let h = i + v. What is the tens digit of h?
9
Suppose -15*j + 535 = -845. What is the units digit of j?
2
Let v(c) = 51*c**2 + 11*c + 1. Let l(n) = -52*n**2 - 11*n - 2. Let a(f) = 4*l(f) + 5*v(f). What is the units digit of a(-6)?
3
Suppose 56 = -2*p + 62. Suppose -8*o + 404 = -p*o + 2*s, o - 67 = -5*s. What is the units digit of o?
2
Suppose -60*n + 109362 = -114922 - 387416. What is the hundreds digit of n?
1
Suppose -2*a = 4*h - 20 - 144, -3*a = 2*h - 246. Let k(i) = i**2 + 14*i. Let z be k(-10). Let u = z + a. What is the units digit of u?
2
Let z = -531 + 535. What is the tens digit of ((-54)/8)/(z - (-98)/(-24))?
8
Let u = -369 + 192. Let o = u - -49. Let z = o + 252. What is the tens digit of z?
2
Suppose 0*x + x - 7 = -3*s, 2*s + 4*x + 12 = 0. Let z = 1958 - 1879. Suppose -4*n + 4*q = -3*n - z, -s*q - 8 = 0. What is the tens digit of n?
7
Suppose 0 = -3*u + 12 + 6. Suppose 3418 = -8*a - u. What is the tens digit of 4/(-14) - a/28?
1
What is the tens digit of (40/6)/(9 - (-73544)/(-8172))?
2
Let c = -508 - -476. Let w(r) = -r**3 - 31*r**2 - 5*r - 104. What is the tens digit of w(c)?
8
Let n = 473 + -251. Let m = -193 + n. What is the units digit of m?
9
Suppose -3*c - 6 = -66. Suppose 12*x - 133 - 35 = 0. Let k = x + c. What is the tens digit of k?
3
Let r(t) = -39953*t + 868. What is the units digit of r(-1)?
1
Suppose -4*f = -3*r - 614, 0*r = r + 4*f + 210. Let l = -1422 - r. What is the units digit of ((-16)/(-3))/(6 - l/(-204))?
6
Suppose -1232 = -2*p + 4*d, -2*d = 10 - 2. What is the tens digit of (-1)/(-2*4/p)?
7
Let j(r) = r**2 - 14*r + 3. Let o be j(0). What is the hundreds digit of (-6805)/(-15)*9/o?
3
Let f(w) = 6*w**3 + w**2 + 13*w + 9. Let z be f(-4). Let u = z + 443. What is the tens digit of u?
3
Let n = -47 + 55. Let w(r) = 8*r + 19 + 25*r**3 - 13*r**3 - 11*r**3 + n*r**2. What is the units digit of w(-7)?
2
What is the hundreds digit of (-4)/(((-40)/3184)/5)?
5
Let l(c) = -2*c**3 - 13*c**2 - 25*c - 1. Let p be (20/15)/(-4 - 92/(-24)). What is the hundreds digit of l(p)?
3
Let h(d) = -2070*d - 3411. What is the units digit of h(-8)?
9
Suppose 7*g - 11263 = 2*g - 3*i, -4*g + 5*i = -9040. Suppose 0 = 11*u - 4642 - g. What is the hundreds digit of u?
6
Suppose 0 = 2*y - k - 82464, 3*y - 8*k - 91476 = 32259. What is the hundreds digit of y?
2
Let n = 37 + -37. Suppose 4*x - 20 - 732 = n. Suppose x = -j + 3*j. What is the tens digit of j?
9
What is the units digit of (-4 - (5 - 1151589/24)) + (-18)/(-144)?
4
Let b(v) = 25 + v**2 - 15*v - 15 - 3*v**2. Let d be b(-8). Suppose -o + 382 = 5*m, -d*m + 0*o + 4*o = -144. What is the tens digit of m?
7
Suppose 12 = 2*k + 8. Suppose k*d = p + 52, 2*d = -2*p + 7*p + 36. Let q = 58 + d. What is the tens digit of q?
8
Suppose 2*d + 15298 = 5*h, -3*d + 854 = 3*h - 8308. What is the hundreds digit of h?
0
Let w = 25 - 26. Let o(f) = -203*f**3 - 2*f**2 - 6*f - 5. What is the tens digit of o(w)?
0
Suppose -3*m - 9 = 0, -2*m + 70 = 4*v - 0*m. Suppose 0 = -2*b - 7 + v. Suppose l - b*l = 3*n - 57, -2*n = -2*l - 54. What is the units digit of n?
4
Suppose -11*q = -10*q + 69. Let u = -20 - q. Suppose -2*g + u = 11. What is the units digit of g?
9
Suppose 336 = -0*n + n. Let d = 1279 - 785. Let k = d - n. What is the tens digit of k?
5
Let n = 34834 - 18035. What is the tens digit of n?
9
Let j(h) = -15*h + 4570. What is the hundreds digit of j(4)?
5
Suppose -11 + 9 = -2*r, -s - 4*r = -3212. What is the hundreds digit of s?
2
Suppose 3*b + 5*p = 4*p - 2357, 2*b + p = -1572. Let h = -446 - b. What is the units digit of h?
9
What is the thousands digit of -3 + (64146 - 2)/8?
8
Let u(v) = v**2 - 36*v - 610. What is the units digit of u(57)?
7
Suppose -3*d + 2*g + 3296 - 53 = 0, -3*d = -3*g - 3237. What is the hundreds digit of d?
0
Let p(j) = -4*j + 25. Let i = 19 + -13. Let l be p(i). What is the units digit of 3/9*12/l?
4
Let r be (-3)/(-2) + ((-20657)/(-14))/1. Suppose -3*b = -2*h - 199 - 4237, -b + r = h. What is the tens digit of b?
7
Suppose 2*i - 3*q = -4481 + 65153, -5*i + 151780 = 5*q. What is the units digit of i?
8
Suppose 314 = 5*g - 66. Let q(u) = -11*u**3 - 2*u**2 + u - 4. Let k be q(-2). Let m = k + g. What is the tens digit of m?
5
Suppose -3*o + 264 = -216. Suppose -5*u - 482 = -187. Let q = u + o. What is the tens digit of q?
0
Let s(n) = 11*n**2 + 146*n - 315. What is the units digit of s(24)?
5
Let q(r) = 3682*r**2 + 52*r - 32. What is the ten thousands digit of q(3)?
3
Let t(j) = 2*j**2 + 27*j + 85. Let v be t(-8). What is the tens digit of (18432/22 - v) + (-8)/(-44)?
4
Suppose 3*x = -2*p - 8 - 12, -3*p + 5*x = -8. Let y be (7 - 14)*p/42*-9. What is the hundreds digit of (-1 - -25)/(y/(-51))?
2
Let j be ((-12)/18)/((-1)/273). Suppose j*m - 5649 = 175*m. What is the tens digit of m?
0
Let h = -548 - -550. Suppose -r - 1234 = -h*a, -17*a - 4*r - 631 = -18*a. What is the units digit of a?
5
Suppose 5*d = 4*s + 201, 3*d = s - 0*d + 59. Let b = s + 179. What is the units digit of b?
5
Suppose 0 = 78*z + 183894 - 1367544. What is the ten thousands digit of z?
1
Let t(o) = 3*o + 33. Let i be t(-14). Let a(u) = -13*u - 16. Let z be a(i). Let d = z - 27. What is the tens digit of d?
7
Suppose -i + 2*g + 178 = 3*g, -3*g + 9 = 0. Let s = i + -166. What is the units digit of s?
9
Let f be (-74944)/224 + 4/7. Let k = f - -698. What is the tens digit of k?
6
Let n(g) = g**3 + 5*g**2 - 3*g + 30. Let c be n(-6). What is the tens digit of 52 + (-3)/(-6)*c?
5
Let o(b) = -b**3 - 71*b**2 + 41*b - 118. What is the tens digit of o(-72)?
1
Let p(d) = -9*d + 16. Let w = -14 + 60. Let k = w + -65. What is the hundreds digit of p(k)?
1
Suppose 2*z + 26408 = 3*m, 0 = -5*m - 82*z + 79*z + 44045. What is the tens digit of m?
0
Let m = 2495 + 241. Suppose -12*o + m = -6*o. What is the tens digit of o?
5
Let o(f) = f**3 + 3*f**2 - 13*f - 37. Let i be o(-3). Suppose 0 = -5*v + i*k + 48, 4*v + 3*k = 4*k + 39. What is the units digit of v?
0
Suppose 0 = u - o - 200, 41 - 461 = -2*u - 2*o. Suppose -14*p + u + 1685 = 0. What is the tens digit of p?
3
Let n = 155 - 125. Suppose 5*g - j + n = 0, 2*g = j - 14 + 2. Let l(i) = -39*i + 33. What is the tens digit of l(g)?
6
Let z(t) = -716*t + 958. What is the ten thousands digit of z(-34)?
2
Suppose 0 = -78*t + 99*t - 1249773. What is the tens digit of t?
1
Suppose 0 = -3*w - w - 36. Let k(y) = y + 51. What is the units digit of k(w)?
2
Suppose -32*g + 64694 = 2*u - 30*g, -g = -2*u + 64712. What is the units digit of u?
3
Suppose -4*t - 2*p + 2136 = 0, -660 + 2816 = 4*t - 3*p. Let n = -317 + t. What is the units digit of n?
9
What is the thousands digit of 2753492/140 + (33/15 - 1)?
9
What is the thousands digit of 10 - (19 + -11) - (-2 + 5145/(-1))?
5
Suppose 5*o - 34 = 3*i - 9, 2*i - 10 = -2*o. Suppose 0 = s + 4*r + 1 - 11, 3*r = -o*s + 16. Suppose -s*z + 139 = -z. What is the hundreds digit of z?
1
Let y(j) = -3*j + 7. Let f be y(2). Let w(n) = n**2 + 6*n + 10. Let a be w(-4). What is the units digit of ((-47 + f)/a)/(3 + -4)?
3
Let c = 75339 + -24885. What is the tens digit of c?
5
Suppose -b - 4*b - 500 = 2*g, -8 = 4*b. Let t = 5801 - 5456. Let o = t + g. What is the tens digit of o?
0
Let m be (1 - 1) + (10 - -248 - -6). Let w 